uppose 544 = -h*w + 34*w. What is the hundreds digit of w?
1
Suppose -3*z - 114 = 66. Let p = z + 63. What is the units digit of p?
3
Let p(d) = -d**3 - 9*d - 5. Let a be p(-5). What is the units digit of 7 + a + -1 + 1 - 2?
0
Let i(q) be the third derivative of 25*q**4/24 + 11*q**3/2 + 32*q**2. What is the hundreds digit of i(4)?
1
Suppose -6*t - 48 = 24. What is the units digit of 32/t*(94/(-4) - 2)?
8
Suppose -n = 3*n - 20. Let o = 10 - n. Suppose 0 = -3*q - 2*p + o*p + 78, 3 = 3*p. What is the units digit of q?
7
Suppose 8*b = 13*b + 3*q - 29064, 0 = 4*b + q - 23254. What is the tens digit of b?
1
Suppose n - 5*t - 115 = -4*t, 3*t = -n + 111. Let l = 180 - n. What is the units digit of l?
6
Let s(x) = -925*x + 194. What is the units digit of s(-5)?
9
What is the hundreds digit of (-162188)/(-143) - -4*4/(-88)?
1
Suppose -c - 3*k = c - 629, -2*c - k = -623. What is the units digit of c?
0
Suppose 25*k = 23*k + 42. What is the units digit of k?
1
Let d = -1519 - -2247. What is the units digit of d?
8
Suppose b + 4 = 3*b. Suppose -3*d + 6 = 3*o, -2*o = -0*d + 5*d - 19. Suppose -b*u - d*s + 44 = 0, 0*u + u - s = 15. What is the units digit of u?
7
Suppose -2*c - 1 = 3. Let b(p) = p**3 - 12*p**2 + 11*p - 1. Let w be b(11). What is the tens digit of (c - w) + (-196)/(-7)?
2
Suppose 3*c = -2*c + 3*s - 156, 0 = -3*c + 4*s - 87. Let k = c + 116. What is the tens digit of k?
8
Suppose -5*r - 286 = -2*z, -3*z + 141 = 5*r - 238. What is the units digit of z?
3
Let u = -60 - -133. Let o = -35 + u. What is the units digit of o?
8
What is the hundreds digit of ((-119)/(-28) - 4)*(-1256)/(-2)?
1
Suppose u = 5*i - 15, 35 = u - 0*u + 5*i. Suppose 11*x + u = 13*x. Suppose 0 = x*l - 127 - 83. What is the units digit of l?
2
Let y(i) be the second derivative of 13*i**3/6 - 3*i**2/2 + 3*i. What is the tens digit of y(5)?
6
What is the hundreds digit of (10 + (-2616)/(-15))*5?
9
Suppose -2*i + 1 = -7. Suppose 0*u = i*u - 12. Suppose n - u*b = -2*n + 66, 0 = -5*b. What is the tens digit of n?
2
Suppose 0 = 2*u, -5*u + 54 = -4*v + 2*v. What is the units digit of v/15*125/(-15)?
5
Let y = -16 - -24. Let g = y - -85. What is the units digit of g?
3
Let d = 29 - 33. Let k be (5 + -6)*d/2. What is the units digit of 10*36/16*k?
5
Let s(y) = -187*y + 189. What is the hundreds digit of s(-12)?
4
Let n(h) = h**3 - 7*h**2 + 6*h - 1. Let l be n(8). Suppose -5*d = -2*d - l. What is the tens digit of d?
3
Suppose -6*r = -5*r - 9. Let k = r - -47. Suppose 5*c = 4*c + k. What is the units digit of c?
6
Let p = -373 - -1020. What is the units digit of p?
7
Let a(q) = -20*q**2 - 20*q + 6. Let h(r) = 7*r**2 + 7*r - 2. Let t(b) = -4*a(b) - 11*h(b). Let c be -4 + (6/2 - (-35)/7). What is the units digit of t(c)?
8
Let t(v) = 1 - 3*v**3 + 3 - 3*v**2 + 2*v**3 + 8*v**2. Let n be (1/(-3))/(228/(-45) - -5). What is the units digit of t(n)?
4
Let z = -75 - 30. Suppose -5*j = -148 + 453. Let l = j - z. What is the units digit of l?
4
Let z(k) = -k + 6. Let p be z(7). Let c be 45*(2 - 4)/p. Suppose -o = -4*o + c. What is the tens digit of o?
3
Let t(i) = -13*i + 3*i**2 + 30*i - 31*i**3 - 4 + 1 - 14*i. What is the hundreds digit of t(-2)?
2
Let k(u) = u**3 + 27*u**2 + 49*u - 7. Let a be k(-25). What is the tens digit of -4 + a/2 - -82?
8
Let l(o) = -o**2 + 3*o + 9. Let i be l(7). Let r = i + 23. Let n(j) = 9*j + 2. What is the units digit of n(r)?
8
Suppose -14*d - 15193 = -19*d + 2*n, -n - 9116 = -3*d. What is the hundreds digit of d?
0
Let j(s) = 2*s**2 - 7*s + 5. Let a be j(-7). Suppose -3*w = 5*b - 252, 3*b - w = -3*w + a. What is the tens digit of b?
4
Suppose -q + 0*q - 62 = 0. Let i = q - -107. Suppose -2*u + 84 = 4*a, 2*a + a - 3*u = i. What is the units digit of a?
9
Let s be ((-6)/(-10))/(7/245). Suppose x = z - s, 4*z - 2 - 50 = 2*x. What is the units digit of (-10 - x)*(-4)/(-3)?
8
Suppose 400 = -j + 6*j + 2*f, -4*j + 322 = 2*f. Suppose -3*z + j = 24. What is the tens digit of z?
1
Let s = 13 - 22. Let n(i) = i**3 + 10*i**2 + 10*i + 9. Let q be n(s). Suppose 2*y = 3*r + 145, -3*y + q*r + 5*r = -216. What is the tens digit of y?
7
Let x(w) = -w**2 + 12*w + 2. Let r be x(12). Let i(h) = -6*h**r + 3*h**2 - h - 1 + 4*h**3 + 2*h**2 - 30*h**3. What is the tens digit of i(-1)?
2
Let c(m) = -87*m - 32. Let f(j) = -29*j - 11. Let a(i) = -3*c(i) + 8*f(i). Let h be a(4). Suppose 4*w - 64 = h. What is the units digit of w?
7
Suppose 60 + 90 = -15*a. What is the hundreds digit of 214 + a + (5 - (-6)/(-3))?
2
Let q be (-3950)/45 - 6/27. Let x = 123 - q. What is the tens digit of x?
1
Let m(l) = -3*l**3 + 12*l**2 + 11*l + 14. What is the thousands digit of m(-6)?
1
Let n(s) be the first derivative of -s**3/3 - 9*s**2/2 + 7*s - 10. Let p(v) = -v. Let y(c) = -n(c) + 4*p(c). What is the tens digit of y(-12)?
7
Let f = 2794 + -1965. What is the hundreds digit of f?
8
Let z be 4/(-14) + 111/21. Let w(a) = -5*a**2 + 13*a - 20. Let b(v) = -9*v**2 + 26*v - 39. Let p(h) = 4*b(h) - 7*w(h). What is the units digit of p(z)?
4
Suppose -8*s = 5 - 45. Suppose s*z = l + 1238, -4*z + 528 = -l - 462. What is the tens digit of z?
4
Let l(g) = -13*g - 24. Suppose 10*r + 65 = 5*r. Let x be l(r). Suppose 0 = 3*z - 5*o + 10 - 78, -5*z + x = -2*o. What is the units digit of z?
1
Let w = -921 + 4211. What is the units digit of w?
0
What is the units digit of (18/(-10))/(27/(-45))?
3
Let g(y) = -657*y - 196. What is the units digit of g(-3)?
5
Suppose -h + 3*h - 6 = 0. Suppose z = 2*o - h, 5*z - 3*o + 4 = 17. Suppose -4*j = 2*y - 70, -7*j + 2*j - 175 = -z*y. What is the tens digit of y?
3
Let h(v) be the third derivative of v**5/15 + v**4/3 - 3*v**3/2 - 22*v**2. What is the tens digit of h(4)?
8
Suppose y + 2*r - 79 = 0, -2*y + r = -135 - 8. Suppose -4*l - 4*z = 16 + 120, 2*l - 2*z + 48 = 0. Let o = l + y. What is the units digit of o?
4
Let n = 0 - 0. Let k(u) = 9*u + 109. Let b be k(-10). Suppose n = o + 2 - b. What is the units digit of o?
7
Suppose 16836 = 4*d + 4*s, 2*s + 4203 = 5*d - 4*d. What is the tens digit of d?
0
Suppose 5*n - 5*y = 0, -y + 20 = 4*y. Suppose -8 + 28 = n*m. Suppose m*g - 124 = -3*p, 2*g + 12 = p - 11. What is the units digit of p?
3
What is the tens digit of -2 + -5 + -2 - -4103?
9
Let x(t) = -t**3 + 6*t**2 + t - 6. Let w(b) = b**3 + 14*b**2 + b + 20. Let v be w(-14). Let p be x(v). What is the units digit of 1 + 1 - -1 - p?
3
Let l(y) = -27*y**3 - 2*y**2 + 1. Let t be l(-1). Let r = 95 - t. What is the units digit of r?
9
Let o = -762 + 2547. What is the hundreds digit of o?
7
Suppose 12434 + 3022 = 12*l. What is the hundreds digit of l?
2
Suppose -7*v = -0*v - 14. Suppose s + v*i - 57 = 0, -s + 73 - 13 = i. What is the units digit of s?
3
Suppose -9*v + 10*v = 302. What is the hundreds digit of v?
3
Suppose -30 = 2*l - 86. What is the tens digit of (-1 + -1)*62*(-42)/l?
8
Let i(m) = 10*m - 4. Let r be i(3). Let n = 27 + -25. Suppose -n*s + s + r = 0. What is the tens digit of s?
2
Let w(v) = -22*v - 1. Let r be w(2). Let u = -33 - r. Suppose u = 5*n - n. What is the units digit of n?
3
Suppose -592 = -f - 3*s + 176, -3*f + 2316 = 3*s. What is the units digit of f?
4
Suppose 3*y - 8*y + 105 = 5*z, 5*y + 2*z = 99. Let j = -46 + y. What is the units digit of 153/j*6/(-2)?
7
Let g = 103 - 88. Let a = 162 - g. What is the hundreds digit of a?
1
Let n(k) be the third derivative of k**6/24 + k**4/24 - k**3/3 - 34*k**2. What is the units digit of n(1)?
4
Let p be (7/14)/(-2 + (-93)/(-46)). Let s = 166 - p. What is the hundreds digit of s?
1
Let a(l) = -1 + 4*l**2 - 1 - 122*l + 5 - 4*l**3 + 127*l. What is the tens digit of a(-2)?
4
Let b be 1/(-2) - 55/(-22). Let s(l) = l + 3. Let y be s(-3). Suppose -49 = -3*c - b*q, y = -q + 3 - 4. What is the tens digit of c?
1
Let u(j) = 6*j**3 - 2*j**2 - j. Let f be u(-1). What is the tens digit of 88 - (3 + f - -2)?
9
Let h = -41 - -44. Suppose -3*z + 162 = h*z. What is the units digit of z?
7
Let s(d) = d**3 - d**2 - 6*d - 1. Let u be s(7). Suppose -4*r = -u - 13. What is the units digit of r?
6
Let l(n) = -n**2 - 7 + 11*n + 2 + 2 - 7. Let m be l(10). Suppose -3*y - y = -4*u - 164, m = 4*u + 16. What is the units digit of y?
7
Let u(v) = -7 + 20*v - 52*v + 21*v. What is the units digit of u(-5)?
8
Let b = 1680 - -545. What is the units digit of b?
5
Let